13)?
10
Calculate 2 - 2 - (-3 - 0).
3
Evaluate -7 + 6 + (3 - -1).
3
Evaluate (-3 - (-5 + 3 + -2)) + 5.
6
What is the value of 1 + -1 + (-1 - -3)?
2
What is 9 + -17 + 9 - (-6 - -1)?
6
Evaluate -6 + 11 - (-34 - -31).
8
What is -3 + (-4 - -3) + 9?
5
What is -8 - (-2 - -9 - (9 - 3))?
-9
Evaluate (-1 - -4) + 0 - -1 - 1.
3
What is the value of (-1 - -2) + -2 + (5 - -2)?
6
Calculate (-5 - (5 + -2)) + (13 - 6).
-1
Evaluate -15 + (-8 - -18) - (-1 + -3).
-1
What is -3 + 5 + -1 + -3?
-2
Calculate (-5 + 13 - 7) + -8.
-7
Calculate (7 - (7 + -1)) + 0.
1
What is the value of -3 + (1 - 4) - -2?
-4
(-48 - -53) + -4 + -2
-1
What is -2 + (5 - 4) + (13 - 13)?
-1
What is the value of (-4 - -1) + 7 + -2?
2
Evaluate 0 - (-2 - 1 - (-4 - -6)).
5
Evaluate (-4 - 1) + (55 - 46).
4
What is (2 + -4 + -1 - 4) + 0?
-7
Evaluate 4 - (0 + (3 - 4)).
5
What is ((6 - 10) + 11 - 13) + 8?
2
Evaluate 2 + (3 - -1 - (8 - 6)).
4
Calculate -11 + 7 + 0 - (-5 - 0).
1
Calculate -8 - (9 + 1 - 17).
-1
What is the value of (-2 + 13 - 14) + 5 + 1?
3
What is the value of 1 - (3 - (4 - 3) - -1)?
-2
9 + -8 + (3 - (-10 + 5))
9
What is the value of -1 - (-3 - -1 - (5 - 1))?
5
Calculate 1 + (-4 - (-1 + -1)).
-1
Calculate -3 - (1 - 0) - (6 + -5).
-5
What is the value of -12 - (-2 - (12 - 7))?
-5
-6 - (6 + -5 - 2)
-5
What is the value of (3 - (-5 - -4)) + 6 + -8?
2
Calculate 0 - ((-2 - 1) + 0).
3
(-5 - 0) + -18 + 20
-3
What is the value of (-2 - 1) + 3 + -2?
-2
What is 7 + (-8 - 3) + (1 - -3)?
0
What is -5 + 7 - 10 - -11?
3
What is the value of (-1 + -9 - -3) + 10?
3
What is the value of -82 + 75 + (-1 - -11)?
3
18 + 13 + -25 + 3
9
Evaluate (0 - 2) + (48 - 39).
7
What is the value of 2 - -4 - (7 - 3)?
2
Calculate (2 - (-4 + 15)) + 2 - -4.
-3
Calculate -4 + (9 - (-2 - -1)).
6
Evaluate -4 + (-5 - (-5 + -6)).
2
Evaluate 12 + (0 - 2) + -4.
6
Evaluate 5 + 0 + (-3 - -1) + 0.
3
Calculate 0 + (3 - 1) - 0.
2
6 + 3 + (-4 - 4) + 1
2
Calculate 2 - (-1 - (-3 + 3 + -8)).
-5
6 - ((7 - 7) + 3)
3
What is the value of 0 - 2 - (56 - 58)?
0
20 + -32 - (-2 - 9)
-1
What is 6 + -5 + 1 + -1?
1
What is the value of 2 - 4 - -2 - (-6 - -9)?
-3
Evaluate (-5 - -11) + -8 - -2 - 0.
0
Evaluate 3 + 3 + (6 - 13).
-1
Calculate -20 + 27 + (-2 - 6).
-1
What is the value of -36 - -37 - (0 - -6)?
-5
What is the value of -10 + -11 + 20 + 0?
-1
What is (0 - (2 + 1 + -7)) + 1?
5
Calculate -15 + ((-2 - 6) + 8 - -6).
-9
Calculate 12 + 1 + -79 + 74.
8
What is -1 + 5 - (45 - 45)?
4
Calculate -1 - -1 - (39 + -37) - 3.
-5
Calculate (-1 - -1 - 1) + -9 + 1.
-9
What is (10 - 2) + (-12 - -1)?
-3
Evaluate 0 - -1 - (4 + -2).
-1
Evaluate 2 - (10 + -1 + -9 + 7).
-5
Evaluate (-3 - -9 - 12) + 1 + -3.
-8
Calculate 25 + -38 + (8 - 0) + -4.
-9
Evaluate (11 - 7) + -1 - (3 - 4).
4
Calculate 5 + 0 + (-16 - (20 + -36)).
5
-3 + 2 + 2 + (0 - 4)
-3
What is -1 + 3 + 10 + -11?
1
What is 1 + (-17 - -15) - (-2 + 3)?
-2
Evaluate (7 - 1) + -13 + 8.
1
What is -2 + 19 - 7 - 2?
8
What is -12 + 4 + 8 + -9?
-9
Evaluate 5 - ((2 - 1) + -8 + 8).
4
Calculate -8 - (1 + -1 + (12 - 16)).
-4
What is the value of 3 + -1 - (0 - (0 + -3))?
-1
4 - (2 + -2 - (8 - 13))
-1
(-4 - -1 - -2) + 9 + -15
-7
Evaluate -10 + -5 - 0 - -8.
-7
What is -7 - -8 - (-1 + 0)?
2
12 - (-3 + -2 + 20)
-3
Evaluate -2 + -11 + 6 + 7.
0
What is the value of -5 + 1 + (19 - 17)?
-2
Evaluate (1 - -3) + -8 + -8 + 15.
3
What is 5 - (-1 + -2 + 3 - -6)?
-1
What is -6 + 0 + -2 + 4 - -5?
1
Calculate (12 - (-7 - -10)) + (-6 - -1).
4
-18 - -26 - 2 - (-1 + -1)
8
Evaluate 7 + -5 + 6 + (-1 - 4).
3
Calculate -11 + (-4 - -5) + 2 + 2.
-6
Evaluate 30 + -40 - (-18 - 0).
8
1 + (-9 - -4) + 1 + 0
-3
Calculate 27 + -34 + (11 - 4).
0
-5 - (-5 + -3) - 6 - -5
2
6 + -2 + 0 + (-2 - 2)
0
Calculate (0 - (-2 - 1)) + 13 + -11.
5
Evaluate 3 + 2 + -10 + 0 + 12.
7
-13 + (-1 - (-1 - 5)) + 2
-6
What is the value of 8 - (5 + 14 + -9)?
-2
Calculate (11 - 5) + -6 + -1.
-1
Evaluate -5 - -12 - (9 - 2).
0
What is -2 + -1 + (1 - 1 - 1)?
-4
Calculate (-1 + 11 - 9) + 0 + -3.
-2
What is the value of 3 + (-9 + 19 - 15)?
-2
What is 0 - (4 - (8 + -5))?
-1
-5 + 5 + 1 + -4
-3
Evaluate -3 + 3 - (0 + -2).
2
Calculate -10 + (-4 - -13 - -1).
0
-1 + -2 - 1 - (0 - 6)
2
What is (1 - 9) + -39 + 47?
0
What is -3 + -1 - (-15 + (27 - 19))?
3
Evaluate 13 + -10 - (3 + -1).
1
Evaluate 6 + -1 + (-20 - (-4 + -9)).
-2
Calculate -5 + (5 - (0 + -3 + 5)).
-2
What is the value of 0 + (7 - 10 - (-3 - -2))?
-2
Calculate 8 - 3 - 2 - (-1 - 0).
4
Calculate 16 + -25 + (-1 - -5).
-5
What is the value of 3 + 3 - -1 - 4?
3
Calculate 1 - ((1 + 1 - 2) + 3).
-2
What is the value of -5 + (2 - 1) + 10 + -11?
-5
What is 12 + -5 + -6 + -9?
-8
(9 - 1) + 0 - (-25 + 30)
3
What is 2 + (3 + -1 - -6)?
10
What is the value of 4 - -1 - 4 - 1?
0
What is the value of 4 + -2 - -2 - (4 - 0)?
0
Calculate (3 - 3) + -29 + 25.
-4
1 - (-3 + -1) - 3
2
-9 - -1 - (29 - 33)
-4
Evaluate (2 - (1 + -5 - -7)) + 5.
4
-1 + (2 - -5) + -1 + -2
3
Calculate 0 + (-1 - (0 - (4 + -2))).
1
What is the value of 2 - (2 + 2) - 1 - -5?
2
What is (60 - 63) + (2 - 0 - -1)?
0
What is 7 - (1 - -2 - -2)?
2
Evaluate -6 + 13 - (3 + 0).
4
Calculate 6 + -10 + -4 + 5.
-3
Evaluate 12 + 9 + -32 - -12.
1
11 + -7 + (-1 - 0 - 2)
1
What is the value of 1 + (-6 - -3) + 3?
1
14 + (-1 - (8 + -1)) + -16
-10
What is the value of 5 + (-11 - -18 - (4 + 0))?
8
Evaluate (14 - 12) + (1 - 4).
-1
What is the value of 5 + (-5 - (-2 + 1)) + 3?
4
What is 1 + -4 + (-6 - (-1 - 6))?
-2
Evaluate 0 - ((-1 - 2) + 0).
3
What is -7 - (10 + -6 - (12 - 1))?
0
(5 - (2 - 1)) + -8
-4
What is -11 - (-8 + 9 - 9)?
-3
What is (8 - 0) + -7 + (1 - 4)?
-2
Evaluate (-10 - -9) + -11 + 8 + -5.
-9
Calculate -4 - (6 + -6 + -2).
-2
What is the value of 23 + -5 - 8 - 13?
-3
Evaluate 76 - 64 - (2 + -1 - -2).
9
What is -3 + -1 + 0 + (-11 - -11)?
-4
Evaluate 0 + 2 - (-9 + (12 - 8)).
7
Calculate -1 + (5 - 7) + (3 - 3).
-3
What is (0 - 3) + (-2 - (5 - 6))?
-4
-9 + (-11 - -8 - (-2 - 3))
-7
Calculate 4 + 0 + (-3 - -6 - 4).
3
Calculate (-6 + -1 - (-4 + 1)) + 1.
-3
What is 2 + (-9 + 10 - 3)?
0
What is the value of -3 + 4 + (-1 - -2)?
2
Calculate -9 - (-18 - -9 - 1).
1
Evaluate -4 - (4 + -3 - 3 - -2).
-4
What is 2 + 0 + -1 - (0 - -2)?
-1
Calculate 0 - (-3 + (8 - 5)).
0
What is the value of 2 - (-2 - -1 - 2)?
5
What is the value of -10 + -7 + 7 + 2?
-8
What is the value of (-5 - (-6 + 5)) + 2?
-2
Evaluate 5 + (-4 - (4 + -7)).
4
What is the value of (-10 - (-4 - 1)) + 2 - 3?
-6
What is 0 - -9 - (1 - 1) - 5?
4
Calculate 1 + 7 - (26 - (34 + -14)).
2
What is the value of 1 - -9 - (62 - 57)?
5
What is the value of (1 - -4 - 6) + 6?
5
What is the value of 6 - (7 + (4 - 7))?
2
Calculate (4 - -1 - 10) + 7.
2
Calculate 1 - (-13 - -7) - (-9 + 6).
10
What is the value of 8 - 4 - 5 - (3 - 1)?
-3
Evaluate (51 - 51) + -4 + 0.
-4
What is 0 - (1 - (-1 + -1) - 1)?
-2
What is -6 + 1 - (-2 + 1 + -3)?
-1
Evaluate 2 + 12 + 5 + -7 + -3.
9
What is the value of 2 - 4 - (4 + -4 + -4)?
2
Calculate 1 + -8 + 6 + -5 + 2.
-4
What is the value of -4 + (-1 + 3 - -4)?
2
What is the value of 3 - ((6 - (5 - 3)) + 2)?
-3
What is the value of -5 - (-10 + -7 + 7)?
5
What is the value of (-1 - -8) + (-50 - -49)?
6
Evaluate (-2 - 1) + (-4 - -7 - 4).
-4
What is -9 + 3 - (0 - (-5 + 5))?
-6
Calculate -1 - 8 - (-6 - -1).
-4
6 + -6 + (-7 - -7)
0
What is (14 - (17 + -9)) + -13?
-7
0 + 4 + (1 - 4) + -2
-1
Evaluate (134 - 139) + (0 - -5).
0
What is the value of -1 - -1 - (2 + -7 + 6)?
-1
-2 + (-4 - (4 + -4))
-6
Evaluate 232 - 236 - (0 + 1).
-5
Calculate 1 + -5 + -2 + 9 - -3.
6
What is 0 + 2 + 5 + -2?
5
-2 - -8 - 4 - 1
1
Calculate 0 + 2 - (0 - -11).
-9
What is the value of -13 - (-1 - 9 - 4)?
1
Calculate 2 - (1 - (-2 + -4)).
-5
What is the value of -1 + -5 + 4 - 2?
-4
Evaluate -3 + (4 - -1) + -3.
-1
(1 + 2 - 11) + 3 + 2
-3
Calculate (-1 - -2) + (-2 - -4 - 1).
2
What is the value of -5 - -4 - -2 - -2?
3
Calculate -3 + (0 + (-5 - -3) - 1).
-6
Calculate (-1 - ((2 - -2) + -8)) + -3.
0
Evaluate 93 + -88 + -1 + (-1 - 0).
3
0 - 0 - (89 - 87)
-2
What is the value of -5 - -6 - (12 + -7)?
-4
What is the value of -20 - -21 - (-4 - 0)?
5
Calculate -7 + (7 - 8) + 10.
2
Calculate -2 - (0 + -5 + 2).
1
What is 4 + (3 - 5) - (1 - 4)?
5
Calculate (11 - 8) + -8 + -1 + 0.
-6
What is the value of -2 + (2 - -3 - (0 - -1))?
2
What is the value of -12 - -13 - (3 + 2)?
-4
What is 